{"id":847,"date":"2025-04-08T22:11:31","date_gmt":"2025-04-08T20:11:31","guid":{"rendered":"https:\/\/blockart-agency.sites.qsandbox.com\/?page_id=847"},"modified":"2025-05-30T22:11:34","modified_gmt":"2025-05-30T20:11:34","slug":"regulamin-sponsorski","status":"publish","type":"page","link":"https:\/\/krzywiec200lat.pl\/index.php\/regulamin-sponsorski\/","title":{"rendered":"Regulamin Wsp\u00f3\u0142pracy ze Sponsorami"},"content":{"rendered":"\n<p class=\"blockart-paragraph blockart-paragraph-de7dbfcd\"><strong>Regulamin Wsp\u00f3\u0142pracy ze Sponsorami w ramach Uroczysto\u015bci 200-lecia miejscowo\u015bci<\/strong><br>Ostatnia aktualizacja na dzie\u0144 2025-05-30<br><br><strong>\u00a71 Postanowienia og\u00f3lne<\/strong><br>1. Regulamin okre\u015bla zasady wsp\u00f3\u0142pracy ze sponsorami w ramach organizacji uroczysto\u015bci<br>200-lecia miejscowo\u015bci.<br>2. Sponsorem mo\u017ce zosta\u0107 osoba fizyczna, prawna lub inna jednostka organizacyjna, kt\u00f3ra<br>przeka\u017ce \u015brodki finansowe, rzeczowe lub inne formy wsparcia na rzecz organizacji<br>uroczysto\u015bci.<br>3. Regulamin ma na celu zapewnienie transparentno\u015bci i jasnych zasad wsp\u00f3\u0142pracy<br>pomi\u0119dzy organizatorem, a sponsorami.<br><br><strong>\u00a72 Cele wsp\u00f3\u0142pracy<\/strong><br>1. Pozyskanie \u015brodk\u00f3w finansowych, rzeczowych lub wsparcia us\u0142ugowego na potrzeby<br>organizacji uroczysto\u015bci.<br>2. Budowanie trwa\u0142ych relacji z lokalnymi firmami, instytucjami oraz mieszka\u0144cami w celu<br>promowania wsp\u00f3lnoty lokalnej.<br>3. Zapewnienie sponsorom mo\u017cliwo\u015bci promocji w\u015br\u00f3d mieszka\u0144c\u00f3w oraz uczestnik\u00f3w<br>wydarzenia.<br><br><strong>\u00a73 Forma wsparcia ze strony sponsor\u00f3w<\/strong><br>1. Sponsor mo\u017ce wesprze\u0107 uroczysto\u015b\u0107 w nast\u0119puj\u0105cych formach:<br>a. Wsparcie finansowe w dowolnej kwocie,<br>b. Wsparcie rzeczowe (np. produkty, nagrody, materia\u0142y promocyjne),<br>c. Wsparcie us\u0142ugowe (np. transport, catering, druk materia\u0142\u00f3w, us\u0142ugi techniczne).<br>2. Zakres i forma wsparcia ustalane s\u0105 indywidualnie mi\u0119dzy sponsorem a organizatorem.<br>3. Dla ka\u017cdej formy wsp\u00f3\u0142pracy sponsorskiej konieczne jest wype\u0142nienie formularza<br>zg\u0142oszeniowego dost\u0119pnego na stronie internetowej (na dole strony) lub w biurze organizatora.<br>4. Sponsorzy, kt\u00f3rzy dokonaj\u0105 wp\u0142aty finansowej, mog\u0105 otrzyma\u0107 pami\u0105tkowe vouchery<br>odpowiadaj\u0105ce warto\u015bci ich wk\u0142adu. Vouchery te b\u0119d\u0105 mia\u0142y charakter symboliczny i<br>mog\u0105 by\u0107 wykorzystane w ramach wydarzenia do otrzymania pami\u0105tkowej cegie\u0142ki lub<br>miejsca w kapsule czasu.<br><br><strong>\u00a74 Zobowi\u0105zania organizatora wobec sponsor\u00f3w<\/strong><br>Organizator zobowi\u0105zuje si\u0119 do:<br>1. Podzi\u0119kowa\u0144 publicznych:<br>a. Zamieszczenia podzi\u0119kowa\u0144 w mediach spo\u0142eczno\u015bciowych oraz na stronie<br>internetowej wydarzenia,<br>b. Uhonorowania sponsor\u00f3w pami\u0105tkowymi dyplomami oraz wpisami do specjalnej<br>ksi\u0119gi pami\u0105tkowej 200-lecia,<br>2. Uhonorowania wed\u0142ug wysoko\u015bci darowizny:<br><strong><em>a. \u00a0Darowizny do 149 z\u0142<\/em><\/strong><br>&#8211; Sponsor zostanie wpisany do \u201eKsi\u0119gi Pami\u0105tkowej 200-lecia\u201d.<br><em><strong>b. Darowizny od 150 z\u0142 do 299 z\u0142<\/strong><\/em><br>&#8211; Sponsor zostanie wpisany do \u201eKsi\u0119gi Pami\u0105tkowej 200-lecia\u201d,<br>&#8211; Sponsor otrzyma mo\u017cliwo\u015b\u0107 wyboru jednej (1) z poni\u017cszych form uhonorowania:<br>\u2022 pami\u0105tkowa cegie\u0142ka (kostka) z wygrawerowanym imieniem\/nazw\u0105 sponsora,<br>lub<br>\u2022 indywidualne miejsce w kapsule czasu przygotowanej na uroczysto\u015b\u0107.<br><em>(Uwaga: tylko jedna opcja do wyboru)<\/em><br><strong><em>c. Darowizny powy\u017cej 300 z\u0142<\/em><\/strong><br>&#8211; Sponsor zostanie wpisany do \u201eKsi\u0119gi Pami\u0105tkowej 200-lecia\u201d,<br>&#8211; Sponsor otrzyma prawo do jednego (1) wyboru za ka\u017cde pe\u0142ne 150 z\u0142 darowizny &#8211; z mo\u017cliwo\u015bci\u0105 dowolnego mieszania opcji:<br>\u2022 pami\u0105tkowa cegie\u0142ka (kostka) z wygrawerowanym imieniem\/nazw\u0105 sponsora,<br>\u2022 indywidualne miejsce w kapsule czasu przygotowanej na uroczysto\u015b\u0107.<br>3. Pozosta\u0142e zobowi\u0105zania dotycz\u0105ce promocji sponsor\u00f3w, takie jak: umieszczenie<br>logotyp\u00f3w sponsor\u00f3w na materia\u0142ach promocyjnych wydarzenia (np. plakaty, ulotki,<br>banery), stoisko promocyjne, baner reklamowy na miejscu, wyeksponowanie logo w<br>strategicznych miejscach wydarzenia, czas antenowy w trakcie og\u0142osze\u0144 czy promocja w<br>publikacjach zwi\u0105zanych z wydarzeniem, b\u0119d\u0105 uzgadniane indywidualnie w umowie.<br><br><strong>\u00a75 Zasady wsp\u00f3\u0142pracy<\/strong><br>1. W przypadkach wsp\u00f3\u0142pracy w formie wp\u0142aty finansowej sponsorzy zg\u0142aszaj\u0105 ch\u0119\u0107 wsp\u00f3\u0142pracy poprzez wype\u0142nienie formularza zg\u0142oszeniowego sponsora dost\u0119pnego na stronie internetowej  (na dole strony)  lub w biurze organizatora.<br>2. W przypadkach wsp\u00f3\u0142pracy wykraczaj\u0105cej poza wp\u0142at\u0119 finansow\u0105 sponsorzy zg\u0142aszaj\u0105 ch\u0119\u0107 wsp\u00f3\u0142pracy poprzez wype\u0142nienie formularza zg\u0142oszeniowego sponsora dost\u0119pnego na stronie internetowej  (na dole strony) lub w biurze organizatora, a po zaakceptowaniu zg\u0142oszenia sponsor podpisuje umow\u0119 sponsorsk\u0105 okre\u015blaj\u0105c\u0105 szczeg\u00f3\u0142y wsp\u00f3\u0142pracy.<br>3. Wype\u0142niony formularz nale\u017cy dostarczy\u0107 w formie elektronicznej\u00a0 na adres <br>e-mail: <a><strong>kontakt@krzywiec200lat.pl<\/strong><\/a> lub do biura organizatora.<br>4. Sponsorzy zobowi\u0105zuj\u0105 si\u0119 do realizacji wsparcia zgodnie z ustalonymi warunkami.<br>Organizator ma prawo odm\u00f3wi\u0107 wsp\u00f3\u0142pracy, je\u015bli forma wsparcia lub dzia\u0142ania sponsora<br>nie s\u0105 zgodne z celami i charakterem wydarzenia.<br>5. W przypadku niepodania danych przez darczy\u0144c\u0119, komitet organizacyjny nie b\u0119dzie<br>m\u00f3g\u0142 w \u017caden spos\u00f3b upami\u0119tni\u0107 wsparcia ani podzi\u0119kowa\u0107 darczy\u0144cy.<br>Wp\u0142aty finansowe mog\u0105 by\u0107 dokonywane na rachunek bankowy organizatora lub<br>bezpo\u015brednio do kasy w siedzibie organizatora. Szczeg\u00f3\u0142owe dane dotycz\u0105ce rachunku<br>bankowego s\u0105 dost\u0119pne w biurze organizatora lub na stronie internetowej wydarzenia.<br>6. Warunki p\u0142atno\u015bci<br>a. Wp\u0142aty prosimy kierowa\u0107 na:<br>Numer konta bankowego: <strong>16 87800007 0000 1674 1000 0001<\/strong><br>b. Tytu\u0142 wp\u0142aty: &#8222;Darowizna na cele statutowe-200 lecie Krzywca\u2013 [Imi\u0119\/Nazwa Sponsora]&#8221;<br>lub wp\u0142aty got\u00f3wkowe do kasy organizatora w siedzibie:<br>K\u00f3\u0142ko Rolnicze w Krzywcu<br>Krzywiec, ul. Oko\u0142owicza 62<br>95-070 Aleksandr\u00f3w \u0141\u00f3dzki<br><br><strong>\u00a76 Podzi\u0119kowania i promocja sponsor\u00f3w<\/strong><br>1. Podczas uroczysto\u015bci odb\u0119dzie si\u0119 publiczne podzi\u0119kowanie sponsorom przez<br>prowadz\u0105cego wydarzenie.<br>2. Sponsorzy otrzymaj\u0105 pami\u0105tkowe dyplomy, a ich nazwiska lub nazwy firm zostan\u0105<br>wpisane do ksi\u0119gi pami\u0105tkowej wydarzenia.<br>3. W zale\u017cno\u015bci od wielko\u015bci wsparcia sponsorzy mog\u0105 otrzyma\u0107 dodatkowe mo\u017cliwo\u015bci<br>promocji, uzgodnione indywidualnie w umowie sponsorskiej.<br><br><strong>\u00a77 Postanowienia ko\u0144cowe<\/strong><br>1. Regulamin wchodzi w \u017cycie z dniem jego opublikowania przez organizatora.<br>Wszelkie kwestie sporne zwi\u0105zane z realizacj\u0105 wsp\u00f3\u0142pracy s\u0105 rozstrzygane polubownie<br>lub na drodze zgodnej z przepisami prawa.<br>2. Organizator zastrzega sobie prawo do wprowadzania zmian w regulaminie, informuj\u0105c o<br>tym sponsor\u00f3w z odpowiednim wyprzedzeniem.<br><br><strong>Organizator: Komitet Organizacyjny 200-lecia Krzywca<\/strong><br>Kontakt: tel. <strong>504 182 646<\/strong>, e-mail: <a><strong>kontakt@krzywiec200lat.pl<\/strong><\/a><br><strong>Adres organizatora:<\/strong><br>K\u00f3\u0142ko Rolnicze w Krzywcu<br>Krzywiec, ul. Oko\u0142owicza 62<br>95-070 Aleksandr\u00f3w \u0141\u00f3dzki<br><br>Dzi\u0119kujemy za wsparcie i zaanga\u017cowanie w organizacj\u0119 uroczysto\u015bci 200-lecia naszej<br>miejscowo\u015bci !<br><br>Link do <a href=\"https:\/\/krzywiec200lat.pl\/wp-content\/uploads\/2025\/05\/Formularz_zgloszeniowy_sponsora.pdf\">formularza zg\u0142oszeniowego Sponsora<\/a> <\/p>\n\n\n\n<p><\/p>\n","protected":false},"excerpt":{"rendered":"","protected":false},"author":1,"featured_media":0,"parent":0,"menu_order":0,"comment_status":"closed","ping_status":"closed","template":"","meta":{"zakra_page_container_layout":"customizer","zakra_page_sidebar_layout":"customizer","zakra_remove_content_margin":false,"zakra_sidebar":"customizer","zakra_transparent_header":"customizer","zakra_logo":0,"zakra_main_header_style":"default","zakra_menu_item_color":"","zakra_menu_item_hover_color":"","zakra_menu_item_active_color":"","zakra_menu_active_style":"","zakra_page_header":true,"footnotes":""},"class_list":["post-847","page","type-page","status-publish","hentry"],"_links":{"self":[{"href":"https:\/\/krzywiec200lat.pl\/index.php\/wp-json\/wp\/v2\/pages\/847","targetHints":{"allow":["GET"]}}],"collection":[{"href":"https:\/\/krzywiec200lat.pl\/index.php\/wp-json\/wp\/v2\/pages"}],"about":[{"href":"https:\/\/krzywiec200lat.pl\/index.php\/wp-json\/wp\/v2\/types\/page"}],"author":[{"embeddable":true,"href":"https:\/\/krzywiec200lat.pl\/index.php\/wp-json\/wp\/v2\/users\/1"}],"replies":[{"embeddable":true,"href":"https:\/\/krzywiec200lat.pl\/index.php\/wp-json\/wp\/v2\/comments?post=847"}],"version-history":[{"count":50,"href":"https:\/\/krzywiec200lat.pl\/index.php\/wp-json\/wp\/v2\/pages\/847\/revisions"}],"predecessor-version":[{"id":2218,"href":"https:\/\/krzywiec200lat.pl\/index.php\/wp-json\/wp\/v2\/pages\/847\/revisions\/2218"}],"wp:attachment":[{"href":"https:\/\/krzywiec200lat.pl\/index.php\/wp-json\/wp\/v2\/media?parent=847"}],"curies":[{"name":"wp","href":"https:\/\/api.w.org\/{rel}","templated":true}]}}